2*r. Is r composite?
False
Suppose m + 5*l = -m + 29, -119 = -5*m + 3*l. Suppose -4*z - 20 = -5*s, 5*z + m = -3. Is (s - -2)/(-2)*-23 composite?
False
Suppose r - 4*t - 20985 = 0, 3*r - 2*t = 4*r - 20979. Is r a composite number?
False
Suppose 4326 = 5*i - 4339. Is i a composite number?
False
Suppose -5*t - 5*w - 5 = 10, 5*w + 35 = 5*t. Let k(r) = -4*r**2 - 5*r - 1. Let b be k(-5). Is (t/((-8)/b))/1 a prime number?
True
Suppose f - 2 = -0*f. Suppose -l + f*u - 14 = 3, 2*u = 8. Is (l - 3)/(-1) + 1 composite?
False
Let b(f) = 9648*f - 43. Is b(2) prime?
False
Suppose -4*y - 3*y = 49. Let n = 194 + y. Is n a composite number?
True
Let m(y) = -y**2 + 4*y + 3. Let v be m(4). Let k = -2 - v. Let r(s) = -4*s**3 - 7*s**2 + 6. Is r(k) prime?
True
Suppose 6*m - 15 = m. Suppose -m*d = -6*d + 339. Suppose -5*k + 522 + d = 0. Is k a prime number?
True
Suppose -7*z = -5*z + 18. Let o = 77 - z. Is o prime?
False
Let j = 8278 + -4510. Suppose 2671 = -0*x - x. Let w = x + j. Is w a prime number?
True
Suppose 1 = 8*b - 9*b. Let c = 5 + -8. Is 18 + b*(-6 - c) a composite number?
True
Let p(k) = 27*k**2 - 1. Let a be p(-1). Suppose 21*w + 9005 = a*w. Is w prime?
True
Suppose 3*h - 3*b - 35697 = 0, -66*h - 35709 = -69*h - 3*b. Is h prime?
False
Let w(x) = -18*x**2 - 5*x + 4. Let g(i) = -18*i**2 - 4*i + 3. Let z(c) = 2*g(c) - 3*w(c). Is z(-4) a prime number?
False
Suppose 0 = -2*h + s + 57745, 3*s - 57741 = -2*h + 8*s. Is h composite?
True
Let o be (-4)/8*6*-2. Suppose -2*j + d = -o*j + 2355, 0 = -j - 3*d + 586. Is j a prime number?
False
Suppose 3*l + 4*q = -68, 6*l - l - 4*q = -60. Let a = -16 - l. Let w = 14 - a. Is w a prime number?
False
Let j(a) = 51*a**2 + 60*a + 35. Is j(16) a prime number?
True
Let y(i) = i + 12. Let l be 0 - 0/2 - 13. Let q be y(l). Is 2/6*(-987)/q a composite number?
True
Let h be 4/4 + 7 + -2. Suppose -h*p + 15 = -3*p. Suppose 10*z - 1675 = p*z. Is z a composite number?
True
Let m(f) be the third derivative of -13/24*f**6 + 0 + 0*f + 1/6*f**3 + 1/60*f**5 + 5*f**2 + 1/12*f**4. Is m(-1) a composite number?
True
Let t(x) = -2*x**2 - 11*x + 1. Let o be t(-8). Suppose 3*g - g + 384 = 3*l, -4*g = -12. Let b = o + l. Is b a prime number?
False
Let b = -11 + 13. Suppose 3*q - 1135 = b*d, -q = 4*q - 5*d - 1890. Is q composite?
False
Let w = -201 + 388. Is w a composite number?
True
Suppose 7*h - 32 - 3 = 0. Is 3574 - 15/(h/1) a prime number?
True
Let i = 9 + -8. Is i/(-2 - (-99)/49) a prime number?
False
Let z(c) = 6*c + 6. Let b be z(5). Suppose 7*y - b = 3*y. Let m(j) = 15*j - 8. Is m(y) prime?
True
Let f = 13 + -9. Suppose 5*o - 15 = f*x + 26, -67 = 5*x - o. Is (x/(-6))/((-1)/(-3)) a prime number?
True
Suppose -116987 = 225*i - 238*i. Is i prime?
True
Is 8747/((4 - 3)*(-3)/(-6)) composite?
True
Let y be 3 + 33*45/3. Let a = y - -476. Suppose -4*s + 1627 + a = 5*z, -4*z + 2072 = s. Is z composite?
True
Let i = 33423 - 20664. Is i prime?
False
Let l(o) = -o**3 + 20*o**2 + 3*o - 16. Let r be l(13). Let s = -565 + r. Is s prime?
True
Suppose 5*o - 8180 = -4*g, -20*g + 15*g = -2*o - 10225. Is g a composite number?
True
Let r = 8 + -4. Let w = 553 + -124. Suppose r*f - 223 - w = 0. Is f composite?
False
Let a be -2 + 0 + -1 - -7. Suppose -j - 4*j + 4*s = -6782, -2*j - a*s = -2724. Let q = -877 + j. Is q a composite number?
True
Let u(m) = 3*m**3 + m - 5. Let t be -5 + (8 - 4 - 1). Let v be t/(-6) + (-44)/(-12). Is u(v) a prime number?
True
Suppose 2*h + 4*b + 62 = -h, -2*h + 3*b - 13 = 0. Let u(s) = s**3 + 17*s**2 + 11*s + 13. Let r be u(h). Suppose z - r = -2*z. Is z composite?
False
Is -2 - (-39)/21 - (-6904)/14 prime?
False
Suppose -5*n + 10 = 5*o, 5*n + o - 10 = 3*o. Let k be 532 - ((-5)/(-5))/(-1). Suppose -1225 = -4*c - i, k = n*c + 5*i - 66. Is c prime?
True
Let x(t) = -5*t**3 - t**2 - 6*t + 4. Let v(o) = 25*o**3 + 5*o**2 + 31*o - 21. Let d(r) = 2*v(r) + 11*x(r). Let s be d(3). Let l = 223 + s. Is l a prime number?
False
Suppose 5*t - 5*z + 0*z = 6125, -2*t = 5*z - 2471. Let v = t - -333. Is v a prime number?
False
Let s = 19916 + -9463. Is s composite?
False
Is -2*(4/(-10))/((-12)/(-1085055)) a composite number?
False
Let f be 1*(5 + -2) + 2. Suppose 0 = 3*l - 1 - f. Suppose -l*g - 116 = -4*g. Is g a composite number?
True
Let x(m) = 258*m + 107. Is x(4) a prime number?
False
Is 4534/((44/77)/(6/21)) a composite number?
False
Let z(t) = -t**3 + 5*t**2 - 2*t - 19. Suppose 0 = 14*n - 8*n + 42. Is z(n) prime?
False
Suppose -54*l - 41*l = -6047035. Is l a prime number?
False
Let b(h) = 5*h - 4*h - h**2 + 0*h. Let i be b(1). Suppose v - 127 - 108 = i. Is v composite?
True
Suppose 26*o - 197858 = 788010. Is o prime?
False
Is 4*(-54)/72 - -1*14276 a prime number?
False
Suppose 4*c - 566982 = -2*r, 0*c - 2*c + 283466 = -4*r. Is c prime?
False
Let c = -25 - -21. Let n(t) = -8*t**2 - 25*t + 3. Let m(l) = -3*l**2 - 8*l + 1. Let a(h) = c*n(h) + 11*m(h). Is a(9) composite?
True
Let j = -174750 - -299611. Is j composite?
True
Let c(z) = 8*z**2 + 1. Let i be c(-1). Let x = i - 11. Is x + 1/((-1)/(-133)) a prime number?
True
Let m = -4 - -9. Suppose m*p = -873 - 257. Let r = 581 + p. Is r composite?
True
Is (-1 - 0)*1*(-1655 + -2) a composite number?
False
Suppose 0*b - 2*b + 6 = 0. Suppose 2*r - 5*j - 233 = -2*j, -4*r + b*j = -475. Let a = 344 - r. Is a a composite number?
False
Suppose 0 = 3*k + 6, 4*n = 2*k - 3 - 1. Let a = n + 1. Is (-333 - (2 + -4))*a a prime number?
True
Suppose 0 = -3*i + 4*a + 39, -4*a - 21 = i - 2*i. Suppose 0 = -5*j + i*j - 356. Is j composite?
False
Let k(p) = 65*p**2 + 55*p - 485. Is k(40) prime?
False
Suppose -y + 0*y + 3 = 0. Suppose -a = y*a - 20. Suppose 780 = 5*x - a*w, x - 2*w = 5 + 150. Is x a composite number?
False
Let x(c) = 18*c**2. Let u be x(1). Is (8212/6)/((48/u)/4) prime?
True
Let b = 710 + -1144. Let p = -243 - b. Is p a prime number?
True
Let j(d) = 6*d**2 + 14*d - 1. Suppose -10 = -4*n + 14. Is j(n) composite?
True
Let z = 18367 - 4718. Is z a prime number?
True
Let v be -461*10*196/(-70). Suppose -4*f + 0*d + v = d, -4*f - 4*d + 12908 = 0. Is f a composite number?
True
Let a be ((-6)/9)/((-4)/(-78)). Let i = -11 - a. Suppose 2*d - 146 = -i*o - 2*d, -3*o + 2*d = -259. Is o a composite number?
False
Suppose 0 = 4*r - 11973 - 10463. Is r a composite number?
True
Let h(t) = 1217*t**2 - 4*t + 1. Is h(2) prime?
True
Suppose 3*t - 5 - 25 = 0. Suppose -14 = -12*n + t*n. Let s = n + 90. Is s a prime number?
True
Let g = -3 + -58. Suppose 20*i - 392 = 16*i. Let x = i + g. Is x prime?
True
Suppose w + 3*w - 8 = 0. Suppose -w*i + 705 = i. Is i composite?
True
Let k = -9 - -11. Suppose -g - 2 - 1 = -l, k*l + 2*g - 10 = 0. Suppose -f - 103 = -p + l*f, -2*f - 91 = -p. Is p prime?
True
Let g = 465 - 322. Suppose 3*r + 0*r - 389 = 4*t, r - 4*t - g = 0. Is r a prime number?
False
Let x(j) = j**3 + 20*j**2 - 21*j - 7. Is x(-19) prime?
False
Let n = -7 - 3. Is ((-4)/n)/((-2)/(-110)) a composite number?
True
Let m(n) = 11*n**2 - 9*n - 8. Let j = -57 - -54. Is m(j) a composite number?
True
Let q(p) be the second derivative of 0 + 1/6*p**3 + 4*p + 133/2*p**2. Is q(0) composite?
True
Let w = 3 - -12. Is 743/5 - (-6)/w composite?
False
Suppose 0 = 2*w - 16 - 12. Suppose -r = -4*r - 12, -5*x + r = 16151. Is (-4)/w - x/63 a composite number?
True
Suppose 0 = 4*r - m - 109013, -4*m = 2*r - 24877 - 29625. Is r a composite number?
False
Let c = 68 + 11. Suppose 2*u + 2*i - 181 = c, 5*u + 4*i = 654. Is u a composite number?
True
Is -2*(-15)/(-24) + 171879/92 a composite number?
False
Is 2/(-14) - 720/56*-265 prime?
True
Suppose -3*n = 3*u - 5400, 2*u = -5*n + 5*u + 9032. Suppose 0 = -2*s + 832 + n. Is s prime?
False
Let b be (0 + 0)*10/(-30). Suppose 4*v = w + 3, -5*w + 2*v - 7*v + 60 = b. Is w composite?
True
Let t(d) = 29*d - 48. Let b(g) = -58*g + 96. Let k(z) = 2*b(z) + 5*t(z). Is k(9) prime?
False
Suppose -2 = 4*l + 10, -3*m - 2*l + 35001 = 0. Is m composite?
True
Let t(p) = 189*p + 33. Suppose 0 = -6*y + 16 + 20. Is t(y) a prime number?
False
Suppose 0*h + 2*h = 5*w + 43, w = 2*h - 7. Let x be 1020/w*(-3 + 0). Let q = x - 197. Is q composite?
True
Let y(k) = -k + 5. Let h be y(8). Is (1670/h)/(6/(-9)) a composite number?
True
Let q = -124 - -186. Let i = q - -725. Is i a composite number?
False
Let n(p) = -p**3 - 4*p**2 + 7*p -